rime factors of 205751480.
2, 5, 11, 467617
List the prime factors of 61544905.
5, 12308981
List the prime factors of 128078103.
3, 127, 336163
List the prime factors of 337321810.
2, 5, 7, 2087, 2309
What are the prime factors of 244196649?
3, 4751, 5711
What are the prime factors of 301219180?
2, 5, 15060959
What are the prime factors of 43204503?
3, 14401501
List the prime factors of 4590032086.
2, 59, 38898577
What are the prime factors of 762044977?
29, 617, 42589
What are the prime factors of 438687071?
3049, 143879
What are the prime factors of 111909845?
5, 31, 71, 10169
List the prime factors of 4260653.
239, 17827
What are the prime factors of 105288549?
3, 23, 1525921
What are the prime factors of 73662622?
2, 11, 304391
List the prime factors of 2272153041.
3, 2069, 122021
List the prime factors of 53137754.
2, 139, 191143
What are the prime factors of 39123128?
2, 11, 19, 23399
List the prime factors of 59008735.
5, 47, 293, 857
List the prime factors of 33988665.
3, 5, 2265911
What are the prime factors of 2740906727?
13, 191, 84913
What are the prime factors of 1692176883?
3, 29, 19450309
List the prime factors of 3909225254.
2, 11, 177692057
List the prime factors of 59522934.
2, 3, 19, 67, 7793
List the prime factors of 32131039.
673, 47743
What are the prime factors of 1049283465?
3, 5, 69952231
What are the prime factors of 490946740?
2, 5, 17, 1443961
What are the prime factors of 287760380?
2, 5, 3253, 4423
List the prime factors of 15338097.
3, 17, 5897
What are the prime factors of 1478716876?
2, 7, 13, 19, 16447
List the prime factors of 208243501.
208243501
What are the prime factors of 981844071?
3, 13, 25175489
List the prime factors of 42469679.
7, 6067097
What are the prime factors of 478575224?
2, 6323, 9461
What are the prime factors of 35895041?
7, 13, 17, 23203
List the prime factors of 957392128.
2, 7, 11, 17, 2857
What are the prime factors of 447855741?
3, 659, 75511
What are the prime factors of 315556826?
2, 13, 19, 23, 27773
List the prime factors of 3449229775.
5, 137969191
List the prime factors of 79332647.
8513, 9319
List the prime factors of 250485050.
2, 5, 101, 193, 257
What are the prime factors of 736693531?
7, 105241933
List the prime factors of 388474534.
2, 7, 3547, 7823
What are the prime factors of 79204058?
2, 127, 311827
List the prime factors of 1293694633.
7, 11, 193, 263, 331
List the prime factors of 101982400.
2, 5, 13, 4903
What are the prime factors of 355572428?
2, 4861, 18287
What are the prime factors of 254859999?
3, 59, 353, 4079
List the prime factors of 70091139.
3, 23363713
List the prime factors of 7331123.
433, 16931
List the prime factors of 7424633573.
7, 59, 1237, 14533
List the prime factors of 239902676.
2, 13, 31, 43, 3461
What are the prime factors of 875916880?
2, 5, 43, 254627
What are the prime factors of 49241865?
3, 5, 3282791
What are the prime factors of 1013904765?
3, 5, 22531217
List the prime factors of 80041194.
2, 3, 31, 143443
List the prime factors of 25630006.
2, 71, 199, 907
List the prime factors of 3857486399.
13, 296729723
What are the prime factors of 156728621?
7, 22389803
What are the prime factors of 4640612941?
4640612941
What are the prime factors of 2679806076?
2, 3, 223317173
What are the prime factors of 2412748181?
317, 1759, 4327
List the prime factors of 1356490760.
2, 5, 33912269
List the prime factors of 14674761.
3, 41, 39769
List the prime factors of 46882471.
79, 593449
List the prime factors of 148134951.
3, 2423, 6793
What are the prime factors of 131820689?
7, 11, 13, 19, 29, 239
List the prime factors of 110116389.
3, 36705463
List the prime factors of 2773796792.
2, 13, 977, 27299
What are the prime factors of 103691028?
2, 3, 7, 1234417
List the prime factors of 1860083893.
547, 1483, 2293
List the prime factors of 293162352.
2, 3, 7, 491, 1777
List the prime factors of 1643871140.
2, 5, 82193557
List the prime factors of 363687233.
7, 13, 127, 31469
List the prime factors of 598173272.
2, 31, 41, 89, 661
List the prime factors of 89085706.
2, 3877, 11489
List the prime factors of 374817009.
3, 7, 19, 939391
List the prime factors of 85583351.
7, 1746599
List the prime factors of 135148806.
2, 3, 13, 577559
What are the prime factors of 166701517?
166701517
What are the prime factors of 27111377?
27111377
List the prime factors of 118954459.
13, 19, 23, 20939
List the prime factors of 177807621.
3, 389, 152363
List the prime factors of 109433693.
3637, 30089
List the prime factors of 608701667.
7, 73, 379, 449
What are the prime factors of 235785302?
2, 117892651
What are the prime factors of 81019492?
2, 31, 37, 17659
What are the prime factors of 1880469541?
157, 457, 26209
List the prime factors of 49360141.
137, 360293
What are the prime factors of 60137673?
3, 1201, 16691
List the prime factors of 17859152.
2, 251, 4447
What are the prime factors of 308316217?
11, 28028747
List the prime factors of 46878084.
2, 3, 11, 43, 2753
List the prime factors of 1224851241.
3, 17, 4253, 5647
What are the prime factors of 5005343?
7, 715049
What are the prime factors of 335853079?
335853079
What are the prime factors of 879293645?
5, 179, 761, 1291
What are the prime factors of 2390275006?
2, 7, 223, 765623
What are the prime factors of 332080780?
2, 5, 691, 24029
List the prime factors of 45940648.
2, 13, 441737
What are the prime factors of 48642324?
2, 3, 4053527
List the prime factors of 29996565.
3, 5, 1999771
What are the prime factors of 372005487?
3, 7, 31, 63493
List the prime factors of 2363172009.
3, 11, 197, 593, 613
List the prime factors of 1575628421.
127, 1049, 11827
List the prime factors of 1257358057.
1257358057
What are the prime factors of 106798002?
2, 3, 2549, 6983
What are the prime factors of 32621750?
2, 5, 7, 2663
What are the prime factors of 139693635?
3, 5, 47, 257
List the prime factors of 4273384086.
2, 3, 5399, 43973
What are the prime factors of 266174772?
2, 3, 1483, 14957
What are the prime factors of 132047044?
2, 33011761
List the prime factors of 1363361770.
2, 5, 136336177
What are the prime factors of 3673784?
2, 459223
List the prime factors of 3298273937.
7, 79, 121721
What are the prime factors of 3095383016?
2, 11, 35174807
What are the prime factors of 21135912?
2, 3, 7, 97, 1297
What are the prime factors of 1820332626?
2, 3, 7, 43341253
List the prime factors of 805297384.
2, 3719, 27067
What are the prime factors of 677472692?
2, 13, 59, 461, 479
What are the prime factors of 75339268?
2, 43, 647, 677
What are the prime factors of 926448336?
2, 3, 11, 584879
What are the prime factors of 5753058843?
3, 7, 2099, 130517
What are the prime factors of 18590583?
3, 11, 563351
List the prime factors of 52378448.
2, 97, 33749
What are the prime factors of 251585350?
2, 5, 61, 82487
List the prime factors of 3391547414.
2, 1695773707
What are the prime factors of 1118503918?
2, 7, 233, 342889
List the prime factors of 13158842.
2, 6579421
List the prime factors of 5597446.
2, 191, 14653
List the prime factors of 2837184874.
2, 401, 457, 7741
What are the prime factors of 1242245296?
2, 79, 982789
What are the prime factors of 49226436?
2, 3, 7, 195343
What are the prime factors of 207370617?
3, 19, 647, 5623
What are the prime factors of 2535121517?
239, 10607203
What are the prime factors of 163037630?
2, 5, 7, 571, 4079
List the prime factors of 19131345.
3, 5, 43, 9887
List the prime factors of 821966926.
2, 11, 47, 179, 4441
What are the prime factors of 2306590011?
3, 11, 61, 381949
What are the prime factors of 1702047430?
2, 5, 170204743
What are the prime factors of 1272821120?
2, 5, 61, 32603
List the prime factors of 30377947.
199, 293, 521
List the prime factors of 134076560.
2, 5, 41, 997
What are the prime factors of 21844565?
5, 419, 10427
What are the prime factors of 21037664?
2, 43, 15289
What are the prime factors of 308320636?
2, 13, 17, 348779
List the prime factors of 52997668.
2, 53, 249989
What are the prime factors of 4664969459?
4664969459
List the prime factors of 963651605.
5, 7, 101, 272603
What are the prime factors of 29866471?
83, 359837
List the prime factors of 2281501303.
17, 191, 421, 1669
What are the prime factors of 18213810?
2, 3, 5, 607127
List t